of -x**6/120 - x**5/60 + x**4/4 - x**3/6 + 4*x**2. What is the remainder when u(-5) is divided by 24?
21
Let h(i) = 26*i**2 + 2*i - 1. Suppose 2*c + 25 = 3*c - 4*a, 0 = c + 5*a + 11. Let m(k) = -2*k**2 + 20*k + 9. What is the remainder when h(2) is divided by m(c)?
26
Let h be (-390)/(-25) - 2/(-5). Suppose 5*k = h + 24. Calculate the remainder when 74 is divided by k + 7 - (0 + 0).
14
Let u(h) = -2*h + 1. Let s be u(-2). Let a be 3 - (5 + (3 - s)). Calculate the remainder when (a - -6)*476/42 is divided by 23.
22
Let c = -40 - -28. Let v(o) = o**2 + 11*o + 5. Calculate the remainder when ((-10)/6)/(2/(-78)) is divided by v(c).
14
Let y(s) = -32*s**3 - s**2 + 1. Let b be y(-1). Let t = b + -11. Suppose -2*j - a = -5*j + 189, a = -3. Calculate the remainder when j is divided by t.
20
Let a(y) = -8*y - 1. Suppose 2*o = -3*o - 25. Let b(n) = -13*n**3 + 1. Calculate the remainder when a(o) is divided by b(-1).
11
Suppose -2*m - 4*p - 42 = 0, 2*m + 18 + 3 = 3*p. What is the remainder when 6/m + (-464)/(-10) is divided by 10?
6
Let h(x) = -3 + 3*x + 4 + 2. Suppose 4*p - 5*u = -u + 136, 2*p - 4*u - 78 = 0. Calculate the remainder when p is divided by h(4).
14
Let r(d) = -d**2 + 6*d - 2. Let y(i) = -i**3 - 23 - 1 + 2*i**3 + 3*i**2 + 20*i - 21*i**2. What is the remainder when y(17) is divided by r(3)?
6
Let y(i) = -i**3 - 8*i**2 - 3*i - 7. Let f(v) = 51*v**2 - 3*v - 1. Calculate the remainder when f(1) is divided by y(-8).
13
Let r = -399 - -410. What is the remainder when 196 is divided by r?
9
Suppose -11*o - o = -1116. Calculate the remainder when o is divided by 39.
15
Let f = -62 + 95. Suppose -7*r + 3*r = 32. Let n = f + r. What is the remainder when n is divided by 14?
11
Suppose 2*d + 2 = -0*d. Let o be ((-65)/(-4))/(d/8). Let q = 183 + o. Calculate the remainder when q is divided by 18.
17
Let m be (100/(-80))/((-2)/8). Suppose 1 = -m*y + 56. Calculate the remainder when y is divided by 3.
2
Suppose 53*y = 57*y - 1556. Calculate the remainder when y is divided by 14.
11
Let l be 5/(75/9)*5. Suppose -5*g + 127 = -m, 44 = 2*g - 0*m + 3*m. Suppose -4*b = -l - g. What is the remainder when b is divided by 3?
1
Suppose 0 = 4*y - 2*q - 2*q - 16, -4*q = 0. Suppose 2*k + 26 = 2*u, -3*u = -2*u - y*k - 25. What is the remainder when 15 is divided by u?
6
Let j(y) = y + 50. Suppose -z + 24 = -0*z. What is the remainder when j(z) is divided by 39?
35
Let k be (-6)/48*290 + 2/8. Calculate the remainder when (-1284)/k - 4/6 is divided by 18.
17
Suppose 3*t + 3 = -0. Let p = 0 - t. Suppose p = -h + 2. Calculate the remainder when 1 is divided by h.
0
Let v be 4/2 - -3*22. Suppose 2*s - v = 3*c, -c + 2*s + 4 - 20 = 0. Let k = c + 28. What is the remainder when 10 is divided by k?
0
Let c = 117 + -49. Calculate the remainder when 135 is divided by c.
67
Suppose 4*c = 5*v + 69 + 19, 4*v - 18 = -2*c. Let t = -3 - -3. Suppose 0*m - 2*m + 64 = t. What is the remainder when m is divided by c?
15
Let d(p) = p**3 + 7*p**2 - 11*p - 20. Calculate the remainder when 141 is divided by d(-8).
1
Let q = -7 - -11. Let w(j) = -5*j**2 - 5*j - 2 + j**3 + 3 + q + j**2. Calculate the remainder when 12 is divided by w(5).
2
Let r(a) = -4*a + 21. Let o be r(6). What is the remainder when 44 is divided by 3 + 1 + (-57)/o?
21
What is the remainder when ((-20)/(-15))/(1/45) is divided by 8?
4
Let w(i) = -i**2 - 13*i - 10. Let t be w(-12). Let d(f) = 18*f + 8. What is the remainder when d(t) is divided by 24?
20
Let m(p) = 4*p**2 + 9*p - 13. Let n be m(2). Suppose -i + 11 = -n. Calculate the remainder when 119 is divided by i.
23
Suppose -u + 16 = 5*d - 5, 5*u = -5*d + 65. Suppose 5*x - x = 0. Let r(m) = -m + 19. What is the remainder when r(x) is divided by u?
8
Suppose -34*k + 2913 = 431. What is the remainder when k is divided by 23?
4
Let u = 19 - -3. Let d(n) = 25*n - 19. Calculate the remainder when d(5) is divided by u.
18
Suppose -3*f + 115 = 5*u + 79, -4*f + 83 = -5*u. What is the remainder when 508 is divided by f?
15
Let w(l) = 528*l - 311. Calculate the remainder when w(3) is divided by 15.
13
Let t(k) = -11*k - 6. What is the remainder when 53 is divided by t(-3)?
26
Let m = 8 - 18. Let n be m*5/(-10)*1. Suppose -4*f + 0*f - 5*r + 15 = 0, 5*r = n*f - 75. Calculate the remainder when f is divided by 4.
2
Let l(n) = 7 + 0*n + 11 - n. Let f be l(16). Calculate the remainder when f/2 - 4*-6 is divided by 14.
11
Suppose 4*w - 45 = -5*p, -5*w + 4*p = -4 - 1. Suppose 3*b - 140 = -2*b - w*z, -112 = -4*b + z. What is the remainder when 137 is divided by b?
25
Calculate the remainder when -3 + -3 + 513 - 0/30 is divided by 3.
0
Let t = 125 - 103. Let x = -7 + t. What is the remainder when 57 is divided by x?
12
Suppose -v = -4*o - 0*v - 2, 2*v - 4 = 2*o. Let a(s) = -s**3 + s**2 + 20. Calculate the remainder when (57/(-5))/(((-99)/30)/11) is divided by a(o).
18
Let r be 352/(3 - -1) + -4. Suppose -8*s = -4*s - r. What is the remainder when 59 is divided by s?
17
Let s(o) = 15*o**2 - o**3 + 5*o**2 - 18*o - 9*o**2 + 9 + 5 + 29*o. Suppose -2*n = 12 - 36. Calculate the remainder when 7 is divided by s(n).
1
Let d(r) be the first derivative of r**3/3 + r**2/2 + 1. Let n be d(-2). Suppose 2*y + n*y - 196 = 0. What is the remainder when y is divided by 13?
10
Suppose 0*n = 3*v - n - 43, -2*v - 4*n = -24. Suppose -u = v - 123. What is the remainder when u is divided by 38?
33
Suppose 6*p = 174 - 48. Suppose -64 = -a + p. Calculate the remainder when a is divided by -4*(-33)/(-12)*-2.
19
Suppose s = -1, 0 = 2*u - 2*s - 16 - 20. Calculate the remainder when 28 is divided by u - 0 - 2 - -1.
12
Suppose 0 = 7*v - 1211 - 721. What is the remainder when v is divided by 53?
11
Suppose -6*q + 5*q - 15 = 0. Let p be ((-36)/(-63))/((-2)/(-7)). What is the remainder when 68 is divided by -46*(q/6 + p)?
22
Calculate the remainder when 48 is divided by (9/(-5))/(27/(-315)).
6
Suppose 12*v - 171 = 3*v. Suppose 16*w + 24 = v*w. Calculate the remainder when 13 is divided by w.
5
Let p(i) = 116*i + 66. Let z(g) = -23*g - 13. Let m(c) = 2*p(c) + 11*z(c). Let l be m(-6). Let b = -82 + l. Calculate the remainder when b is divided by 12.
9
Suppose 6*d = 3*d + 18. Let o(t) = -6*t**2 - 80 - 7*t + 9*t**2 + 82. Calculate the remainder when o(d) is divided by 23.
22
Let g(h) = h**2 + 2*h - 1. Let m be g(0). Let w = -1 - m. Calculate the remainder when 2 is divided by 2/(-4)*-2 - w.
0
Suppose -3*p + 98 = -2*b, p - 4*b = 31 + 5. Calculate the remainder when 110 is divided by p.
14
Suppose -4*z = -143 - 1. Suppose -l = 2*h - 16, 5*l - 18 - 62 = -2*h. Suppose y - 3 - l = 0. What is the remainder when z is divided by y?
17
Let j(c) = 50*c - 7. Calculate the remainder when j(4) is divided by 15.
13
Let w be 10/(-4)*10/(-5). Let a be 2/10 - (-14)/w. Suppose -3*s + 92 = 4*p - 39, p = a*s + 29. Calculate the remainder when p is divided by 11.
10
Suppose -156 = -3*u - 2*g - 2*g, -u + 4*g = -36. Calculate the remainder when u is divided by 38.
10
Suppose 3*j + 0 = -6. Let a(k) be the third derivative of -k**6/24 - k**5/60 + k**4/12 - k**3/6 - 156*k**2. Calculate the remainder when a(j) is divided by 8.
7
Let n(v) = 2*v - 24. Suppose -25 = -2*l + 3. What is the remainder when 14 + 1 - (1 - 1) is divided by n(l)?
3
Let t be 4/22 - (-1184)/22. Let d = t - 51. What is the remainder when 29 is divided by d?
2
Suppose 62*c = 57*c + 175. What is the remainder when c is divided by 22?
13
Suppose 8*o - 10*o - 4*h + 124 = 0, -170 = -3*o - 2*h. Suppose 2*x - 38 = -3*n, -3*x + x + 3*n + 38 = 0. What is the remainder when o is divided by x?
16
Let z(k) = 6*k + 104. Calculate the remainder when 64 is divided by z(-13).
12
Suppose -2*y + 121 + 31 = 0. What is the remainder when y is divided by 13?
11
Let n(a) = -25*a - 31*a - 7 + 6. What is the remainder when n(-4) is divided by 15?
13
Suppose 5*z - 5*m = 75, -5*z + z = 5*m - 24. What is the remainder when 97 is divided by z?
9
Suppose 16*y = 962 - 178. Calculate the remainder when y is divided by 20.
9
What is the remainder when (-1)/3 + 1 + 860/15 is divided by 1 - (5 + (-17 - (-1 + -2)))?
8
Let w(q) = -q - 2. Let f = 6 + -3. Let d = -11 + f. What is the remainder when 16 is divided by w(d)?
4
Let p(h) = -h**3 - 14*h**2 - 2*h - 6. Suppose -2*v - 15 = 4*r + 35, 67 = -5*r - v. Calculate 